2e21 (base 16) to base 5.
334214
Convert 15653 (base 7) to base 11.
3384
101010000 (base 2) to base 10
336
What is 501 (base 10) in base 7?
1314
What is 993 (base 10) in base 16?
3e1
Convert 100010110 (base 2) to base 6.
1142
-24817 (base 13) to base 15
-14e07
-48834 (base 9) to base 14
-bd19
What is -2112100210 (base 3) in base 14?
-1423a
Convert -25bb (base 16) to base 12.
-570b
-111001100 (base 2) to base 14
-24c
What is -1001010110001 (base 2) in base 14?
-1a5b
-218 (base 16) to base 5
-4121
110011111011000 (base 2) to base 10
26584
What is -2a2 (base 16) in base 14?
-362
6440 (base 8) to base 9
4543
Convert 14374 (base 8) to base 7.
24435
Convert -1745 (base 13) to base 14.
-1377
What is 11101100101000 (base 2) in base 16?
3b28
What is -130364 (base 7) in base 15?
-7288
What is -10000100000011 (base 2) in base 12?
-4a83
Convert 27521 (base 8) to base 9.
17548
Convert -9554 (base 15) to base 2.
-111101101011011
Convert -53004 (base 7) to base 3.
-122212220
What is 4605 (base 16) in base 7?
103155
605 (base 8) to base 4
12011
1010211012 (base 3) to base 2
101011111000101
120020 (base 3) to base 12
2a3
12108 (base 13) to base 9
50403
Convert 166144 (base 7) to base 11.
23070
34 (base 12) to base 4
220
What is 2151 (base 7) in base 12?
543
Convert 1081 (base 9) to base 14.
414
-1162 (base 14) to base 7
-11552
Convert 43642 (base 11) to base 8.
173541
Convert 10742 (base 8) to base 16.
11e2
What is 57436 (base 8) in base 4?
11330132
What is 63 (base 11) in base 10?
69
Convert -a3d (base 14) to base 12.
-11bb
-1001 (base 5) to base 11
-105
Convert 12e (base 15) to base 2.
100001101
What is -25a5 (base 11) in base 16?
-d36
23412 (base 7) to base 4
1132110
Convert 112122 (base 4) to base 11.
1094
What is -2421 (base 5) in base 16?
-169
Convert 3411111 (base 5) to base 7.
340245
Convert 295 (base 12) to base 3.
112212
Convert -1100242 (base 5) to base 3.
-221211010
What is 11b3 (base 16) in base 9?
6184
What is -104 (base 9) in base 4?
-1111
What is 1011110000 (base 2) in base 3?
1000212
-1526 (base 9) to base 8
-2206
Convert -2553 (base 9) to base 8.
-3567
What is -204 (base 16) in base 11?
-42a
3da (base 16) to base 13
5ab
3342 (base 12) to base 14
20ca
What is -605 (base 16) in base 3?
-2010002
176a0 (base 12) to base 7
200406
What is -647 (base 11) in base 8?
-1411
Convert -2111111211 (base 3) to base 2.
-1100000001000000
What is 2c3 (base 15) in base 12?
449
Convert a7a5 (base 16) to base 5.
2333132
-2a2 (base 11) to base 5
-2404
Convert -12465 (base 7) to base 13.
-1692
Convert 633 (base 11) to base 13.
468
-3918 (base 15) to base 4
-2332031
Convert -1b8 (base 16) to base 11.
-370
What is 651 (base 7) in base 16?
14a
What is -10101010 (base 2) in base 13?
-101
Convert 201102 (base 3) to base 10.
524
What is 120012201 (base 3) in base 13?
5080
Convert 2e81 (base 15) to base 14.
391b
-2102100020 (base 3) to base 14
-13506
Convert -1011010 (base 2) to base 7.
-156
What is 414 (base 11) in base 13?
2c5
1041 (base 10) to base 6
4453
Convert -3000 (base 6) to base 13.
-3ab
What is 4170 (base 10) in base 5?
113140
Convert -598 (base 13) to base 6.
-4254
-1114 (base 6) to base 12
-19a
Convert -224202 (base 6) to base 15.
-59c2
What is -2572 (base 8) in base 6?
-10254
What is -25354 (base 7) in base 14?
-262b
4978 (base 10) to base 7
20341
Convert 2311 (base 7) to base 8.
1511
Convert -1121 (base 7) to base 14.
-211
Convert -d105 (base 15) to base 11.
-30156
-1356 (base 15) to base 4
-1000203
What is 654 (base 15) in base 7?
4111
10410 (base 6) to base 4
112212
-3a4 (base 11) to base 4
-13131
Convert -2141 (base 7) to base 6.
-3312
What is -1013232 (base 4) in base 6?
-33130
Convert -2502 (base 7) to base 8.
-1645
What is -110110101011 (base 2) in base 7?
-13126
What is 1a1 (base 13) in base 16?
12c
403 (base 6) to base 3
12110
What is -101 (base 5) in base 13?
-20
4431 (base 5) to base 9
754
Convert a3a (base 16) to base 11.
1a70
1000010000000 (base 2) to base 9
5713
Convert 12415 (base 6) to base 12.
110b
Convert -13172 (base 9) to base 10.
-8894
What is -35a (base 14) in base 7?
-1643
160214 (base 8) to base 15
12074
Convert -22314 (base 5) to base 2.
-11000110000
-1540 (base 11) to base 7
-5526
Convert -1002021000 (base 3) to base 11.
-15031
-11000011011 (base 2) to base 13
-933
-2f55 (base 16) to base 2
-10111101010101
What is 40352 (base 7) in base 16?
263c
-24b7 (base 14) to base 9
-8737
What is -30a (base 15) in base 7?
-1666
130021 (base 5) to base 4
1032103
-a2 (base 15) to base 10
-152
Convert 13137 (base 8) to base 16.
165f
12101022 (base 3) to base 7
14303
Convert 333 (base 7) to base 13.
102
What is 12025 (base 6) in base 5?
23440
Convert 15462 (base 10) to base 13.
7065
Convert 5c73 (base 15) to base 9.
30000
Convert 54646 (base 7) to base 8.
32611
Convert 1011010001010 (base 2) to base 3.
21220201
What is -402312 (base 5) in base 9?
-18537
What is -10230 (base 5) in base 6?
-3110
Convert -10727 (base 9) to base 11.
-5413
27 (base 9) to base 4
121
What is -40545 (base 8) in base 5?
-1013431
Convert -4a8 (base 15) to base 11.
-882
-25505 (base 7) to base 13
-3107
7412 (base 10) to base 5
214122
1134 (base 11) to base 4
113101
Convert 3041 (base 10) to base 14.
1173
What is -1048a (base 13) in base 6?
-343515
What is 1034 (base 8) in base 2?
1000011100
What is -25240 (base 9) in base 3?
-212021100
1d7 (base 15) to base 16
1ab
-360 (base 11) to base 3
-120220
-543423 (base 6) to base 11
-30792
-40114 (base 6) to base 2
-1010001101110
Convert 375 (base 13) to base 11.
4a9
Convert 5138 (base 9) to base 16.
eb1
-3d7 (base 16) to base 8
-1727
-503 (base 10) to base 13
-2c9
What is -1337 (base 9) in base 2?
-1111101110
Convert 101 (base 10) to base 12.
85
8570 (base 15) to base 4
12321012
-6053 (base 7) to base 11
-1636
-2037 (base 12) to base 11
-26a1
Convert 1335 (base 10) to base 2.
10100110111
10032 (base 4) to base 5
2040
-6460 (base 14) to base 7
-101350
Convert -502b (base 13) to base 4.
-2230032
What is 121142 (base 5) in base 7?
16154
Convert -158a (base 13) to base 3.
-11022220
What is -52413 (base 7) in base 2?
-11001001100001
Convert 1003410 (base 5) to base 16.
3ee9
1155 (base 13) to base 10
2436
Convert -115640 (base 7) to base 14.
-7a57
What is -301203 (base 6) in base 5?
-1223434
-d90 (base 16) to base 6
-24024
Convert -1010111011 (base 2) to base 16.
-2bb
What is daa (base 15) in base 14?
11a5
-5b6 (base 15) to base 13
-789
230223 (base 5) to base 15
265d
What is -1b5 (base 14) in base 6?
-1351
What is -7541 (base 9) in base 4?
-1112221
292 (base 12) to base 11
332
Convert -121 (base 13) to base 4.
-3010
Convert -3c1 (base 15) to base 9.
-1151
Convert 64 (base 15) to base 16.
5e
-50a (base 11) to base 7
-1536
-1bc4 (base 16) to base 3
-100202021
180 (base 12) to base 8
360
Convert -10230 (base 4) to base 10.
-300
Convert 3914 (base 14) to base 11.
7584
Convert 1870c (base 14) to base 5.
3434002
What is 131244 (base 5) in base 15?
1819
10110100000010 (base 2) to base 6
125202
Convert -4300 (base 7) to base 4.
-113233
What is 210223 (base 4) in base 12?
1437
2125 (base 11) to base 15
c75
What is 14121 (base 5) in base 16?
489
14030 (base 5) to base 16
474
Convert -41003 (base 5) to base 10.
-2628
Convert 526 (base 9) to base 7.
1152
-8a8a (base 15) to base 7
-151441
134 (base 14) to base 8
362
What is -a33 (base 12) in base 15?
-689
Convert -315c (base 13) to base 16.
-1ab5
-3d51 (base 14) to base 6
-122123
-1211 (base 8) to base 6
-3001
What is 35728 (base 10) in base 12?
18814
Convert 100111 (base 3) to base 7.
514
What is -165445 (base 7) in base 5?
-2030112
Convert 11010110 (base 2) to base 5.
1324
Convert -10011122 (base 3) to base 9.
-3148
4761 (base 9) to base 10
3538
Convert 3 (base 9) to base 14.
3
1122022 (base 3) to base 15
54b
Convert 2510 (base 6) to base 14.
322
-113223 (base 4) to base 13
-8c7
-30b6 (base 14) to base 13
-3a87
Convert 11111110 (base 2) to base 5.
2004
Convert 111110 (base 2) to base 3.
2022
-1324 (base 8) to base 12
-504
-1100011 (base 2) to base 15
-69
What is -ab1 (base 14) in base 6?
-13443
What is 101001001110 (base 2) in base 4?
221032
-300231 (base 4) to base 2
-110000101101
What is 200011 (base 3) in base 10?
490
-33511 (base 8) to base 9
-21365
What is -26c3 (base 13) in base 2?
-10101